Calculate the remainder when n is divided by 52.
39
Calculate the remainder when ((-994)/70)/(8/(-40)) is divided by 24.
23
What is the remainder when -39*(-3)/(-9) + 1096 is divided by 136?
131
Let n = 1281 + -1189. Calculate the remainder when 243 is divided by n.
59
Let x(a) = -a + 9. Let b be x(5). Suppose 0 = t + 2*i + 3*i - 46, -4*i = -b. Let u(q) = -q**2 - 9*q - 6. Calculate the remainder when t is divided by u(-5).
13
Suppose 0 = 5*m - v - 3604, 4*v - 2161 = -3*m + 6*v. Let n = -472 + m. Calculate the remainder when n is divided by 64.
57
Let j be (-3)/4 - 5/(20/589). Calculate the remainder when 55 - (12/(-78) - j/(-52)) is divided by 32.
26
Suppose 19*w + 2 = 44 + 53. Calculate the remainder when 602 is divided by w.
2
Let k = 266457 - 266418. Calculate the remainder when (-2)/((-4)/1)*388 is divided by k.
38
Let r(v) = -21*v - 44. Let z be r(-5). Let i be z/(-2) + -4 + (-18)/(-4). Calculate the remainder when 7 is divided by (-4)/12 + i/(-9) + -1.
1
Let z = -2 - -5. Let a be 10/(z/2 - 3/6). Let k(d) = 3*d**2 - 26*d + 15. What is the remainder when k(a) is divided by 15?
10
Suppose -4*f - 7*f = -66. Suppose -2 = 2*g - 10, 5*z + g - 404 = 0. Suppose z*u - 83*u = -105. Calculate the remainder when u is divided by f.
5
Suppose -2*m + 1356 = 4*d, 3*m - 3*d + 8*d - 2036 = 0. Calculate the remainder when m is divided by 38.
36
What is the remainder when 1655 is divided by (10/(-4))/((-35)/1946)?
126
Let z = -709 + 1042. Suppose -207*u + 282*u - 525 = 0. What is the remainder when z is divided by u?
4
Let a(k) = 6*k**2 + 3*k - 1. Let p(v) = v**3 + 18*v**2 + 2*v + 40. Let h be p(-18). What is the remainder when a(h) is divided by 16?
11
Suppose -2*j - 4*s - 4 = -0, 4*s - 24 = 5*j. Let g be (-16)/(-2) + j + 10 + -5. Let q = 78 - g. What is the remainder when q is divided by 15?
9
Suppose -34*z - 187 = 82*z - 2391. Calculate the remainder when 102 is divided by z.
7
Let v(i) = i**3 + 7*i**2 - 15*i - 54. Let w = 756 - 759. Suppose -4*h + 2*j = -302, -2*j = 5*h + j - 405. Calculate the remainder when h is divided by v(w).
24
What is the remainder when 309 is divided by 87/12 + 3 + 72/(-32)?
5
Suppose -3*i - 984 = -3*a, 5*a + 53*i = 57*i + 1640. What is the remainder when a is divided by 157?
14
Let l = 386 - 375. What is the remainder when 199 is divided by 442/l - (-48)/(-264)?
39
Let r(d) = 22*d - 46. Let x(c) = -22*c + 49. Let n(l) = 3*r(l) + 2*x(l). What is the remainder when n(9) is divided by 41?
35
Let s(d) = -d**3 + 4*d**2 + 10*d + 10. Let o be s(6). What is the remainder when 68 is divided by -1 + (2/o)/(2/(-32))?
8
Let k(y) = -y**2 + 14*y - 15. Suppose 19*t + 50 = 29*t. What is the remainder when k(t) is divided by 15?
0
Let d be 2 - ((-36)/(-8))/(-9)*2. Calculate the remainder when (-2)/(d + (-363)/(-360)*-3) is divided by 18.
8
Let j(o) = 4*o**2 + 13*o - 44. Suppose 4*u - 51 = -3*m, -3*m + 4*m + 3*u - 22 = 0. What is the remainder when j(-12) is divided by m?
12
Let u = -22 + 26. Let l(m) = m**2 - 2*m + 4. What is the remainder when l(u) is divided by ((-12)/(-8) - 1)/(5/70)?
5
Suppose -28*t + 29*t - 86 = z, -z = 2*t - 172. What is the remainder when t is divided by 59?
27
Let n(j) = -14 - 2*j - 2 + 11*j - 10 + j**2. Suppose 2*p = -0*p + 8. What is the remainder when n(-13) is divided by p?
2
Let r = 417 + -344. Calculate the remainder when (0 - 4)*(-15267)/84 is divided by r.
70
Let o = -9599 + 34303. What is the remainder when o is divided by 45?
44
Suppose 267*x - 204*x = 461 + 1429. What is the remainder when 2133/12 + (-2)/(-8) is divided by x?
28
Let q be (1*-4 - (6 + -12)) + 158. Suppose 14*v - 19*v + q = 0. What is the remainder when 93 is divided by v?
29
Suppose -3*i - 141 = -3*q, 57 + 44 = 3*q + 5*i. What is the remainder when 384 is divided by (q/(-28))/((-199)/196 + 1)?
90
What is the remainder when 9*19 + -6 + (-50)/(-25) is divided by 3?
2
Let j(u) = 8*u - 3. Let n be j(1). Suppose -10 = -n*r + 5*i, -2*r - 3*i - 6 = -0. Suppose r = -3*v + 63 - 3. What is the remainder when 39 is divided by v?
19
Suppose 222*i = -38*i + 18200. Calculate the remainder when 294 is divided by i.
14
Suppose -78*j - 99*j + 113*j + 1920 = 0. What is the remainder when 1378 is divided by j?
28
Suppose -14*s = -9*s + 3*w - 1881, -4*w = -3*s + 1175. Calculate the remainder when s is divided by 28.
17
Suppose -5*i + 5*x = 3*x + 76, 4*x + 8 = 0. Let o = -12 - i. Suppose 52 = -163*b + 176*b. Calculate the remainder when o is divided by b.
0
Suppose 5*s - 6*s - 2*q + 54 = 0, 5*s = 4*q + 228. Suppose 4 - s = -22*x. Calculate the remainder when 17 is divided by x.
1
Let b be (-8)/14*(-28)/8. Suppose x = -b*w - 13, 4*x - 4*w + 0 = -4. What is the remainder when (-1036)/x - (-2)/(-10) is divided by 21?
18
Let t(g) = 15*g**3 - 10*g**2 + 114*g - 711. Calculate the remainder when t(7) is divided by 8.
6
What is the remainder when 136 is divided by 32/(-48)*1*-21?
10
Suppose 11*n - 139 = 323. Suppose -n = -3*q - 3*j, 5*q = 4*q - 4*j + 17. Calculate the remainder when q is divided by 8.
5
Let s = 2 - -1. Suppose 13 - s = t. Let a = -2422 - -2449. What is the remainder when a is divided by t?
7
What is the remainder when 1369 is divided by ((-84)/8)/(19/(-190))?
4
Let t = 4005 + -2727. What is the remainder when 1104 is divided by (-6)/21 - (6 - t/63)?
12
Suppose 431*w - 439*w = -5536. What is the remainder when w is divided by 58?
54
Let o(h) = h**2 - 3*h - 51. Let y be o(-6). Suppose -y*j - j + 4*n + 140 = 0, 5*j - 3*n - 173 = 0. Calculate the remainder when 160 is divided by j.
24
Let y be (119 + 3)*-2 - -7. Let f = -210 - y. Calculate the remainder when 188 is divided by f.
26
Let k = 20 - 14. Let a(p) = -7*p + 68. What is the remainder when a(k) is divided by 16?
10
Let l be -4*-2*(2 - (-6)/(-2)). Calculate the remainder when -2 - (11656/(-24) + l/6) is divided by 35.
30
Let d = 5605 + -5522. Let q(k) = -k**2 - 8*k. Calculate the remainder when d is divided by q(-6).
11
Let c = 447 - 443. Suppose c*s - 5*w = 3*s + 20, 4*s = w + 80. Let i = 240 + -122. What is the remainder when i is divided by s?
18
Let c = -4000 + 4446. What is the remainder when c is divided by 199?
48
Suppose -4*m + 2 = -0*m + 2*p, -4*p - 3 = m. Suppose 2*t + m + 52 = -5*f, 0 = -3*t + 4*f - 68. Let b = t + 52. What is the remainder when 81 is divided by b?
25
Suppose -62*a - 465 = -11119 - 18610. Calculate the remainder when a is divided by 19.
16
Let k = 9856 + -4732. Calculate the remainder when (-2)/(-4) + k/56 is divided by 25.
17
Calculate the remainder when 218 is divided by -3 - (1 + -9 - (-11 - -29)).
11
Suppose -n - 3*c = -2007, 4*n - 3*n - 2004 = -2*c. Calculate the remainder when n is divided by 26.
22
Suppose -5*w = -3*c - 27, -588*c + 584*c = w - 10. What is the remainder when 33 is divided by c?
0
Calculate the remainder when (20/(-25))/(((-152)/(-720))/(-19)) is divided by 38.
34
Suppose 2*x - 28 - 52 = 0. Let n = 73 - x. Calculate the remainder when 65 is divided by n.
32
Let q = -4653 - -4684. What is the remainder when 479 is divided by q?
14
Let f(c) = c - 105. Let w be f(0). Let m = 57774 - 57769. What is the remainder when 20/(-6)*w/10 is divided by m?
0
Let f = -14668 - -15470. Calculate the remainder when f is divided by 201.
199
Let b(s) = s**3 - 9*s**2 + 38*s - 5. Calculate the remainder when b(8) is divided by 214.
21
Let o(z) = -z**2 + 7*z + 5. Let f be o(6). Let w(v) = -26*v**3 - 25*v**3 - 9 + 3*v + f + 2*v**2. What is the remainder when w(-1) is divided by 14?
10
What is the remainder when 599 is divided by (54/12)/(1 - 4)*-2?
2
Let m be (-64)/32 - (12 - 1)*-1. Let r(p) = 10*p - 58. Calculate the remainder when 134 is divided by r(m).
6
Suppose -292 = -29*b + 25*b + 3*y, -5*b = -y - 354. Calculate the remainder when 2099 is divided by b.
69
Let k = -21 + 34. Suppose 4 - k = 9*h. What is the remainder when -4*(48/(-4) + h) is divided by 14?
10
Suppose 3*j = 3*x + 447 - 417, -2*j + x = -27. Calculate the remainder when 1308 is divided by j.
16
Let i = 990 + -685. Calculate the remainder when 620 is divided by i.
10
Suppose -2*w = -2*c + 1869 - 325, 7 = -w. What is the remainder when c is divided by 65?
50
Let x = 119 - 112. Let j be (-4)/3 + 2/(-3). What is the remainder when 30 is divided by 2*x + -1 + 4/j?
8
Let u(k) = -k**3 - 3*k**2 + 2*k + 18. What 